 366392788?
False
Is 578 a factor of 375350756?
False
Is 159 a factor of 27050193?
True
Does 32 divide 270588416?
True
Does 13 divide 142853382?
False
Is 8105479 a multiple of 59?
True
Is 23 a factor of 204092869?
True
Is 34 a factor of 1610449500?
False
Is 14580989 a multiple of 26?
False
Is 1301159328 a multiple of 614?
True
Is 451898436 a multiple of 18?
False
Is 8 a factor of 6561004?
False
Does 136 divide 788990944?
True
Is 7101055 a multiple of 1391?
True
Does 4 divide 26142653?
False
Is 287430305 a multiple of 136?
False
Is 997894464 a multiple of 3612?
True
Is 868 a factor of 15565844?
True
Does 863 divide 182687433?
False
Is 47 a factor of 28190707?
False
Does 194 divide 199102805?
False
Is 3937127824 a multiple of 6343?
False
Does 999 divide 100087812?
True
Is 2843 a factor of 105318658?
False
Is 19 a factor of 952326446?
False
Is 1970932662 a multiple of 6?
True
Does 907 divide 474884581?
False
Does 582 divide 790304784?
True
Is 222580872 a multiple of 648?
True
Is 2528534192 a multiple of 16?
True
Is 64276576 a multiple of 33?
False
Does 10 divide 611093560?
True
Is 123325180 a multiple of 300?
False
Is 546 a factor of 818523342?
True
Does 9 divide 29493801?
True
Is 5690 a factor of 4192304010?
False
Does 22 divide 40956790?
False
Does 452 divide 175140960?
True
Is 634921695 a multiple of 3485?
True
Does 22 divide 20834044?
True
Is 1377 a factor of 793790928?
True
Is 207124221 a multiple of 2575?
False
Does 230 divide 24643860?
False
Is 85 a factor of 43040309?
False
Is 14397937 a multiple of 15?
False
Does 71 divide 448740306?
True
Is 37533061 a multiple of 41?
False
Does 6 divide 1209696?
True
Is 43189682 a multiple of 353?
False
Is 4 a factor of 344476065?
False
Is 601 a factor of 23530516?
False
Does 73 divide 317392086?
False
Does 92 divide 223197822?
False
Is 30232009 a multiple of 777?
False
Does 142 divide 50574578?
True
Does 84 divide 457190403?
False
Does 1920 divide 1514782512?
False
Is 1802318 a multiple of 53?
True
Is 14 a factor of 1794690?
False
Is 2249 a factor of 1974122722?
True
Is 17 a factor of 208238253?
True
Is 133 a factor of 62483666?
True
Does 244 divide 362530263?
False
Does 173 divide 52782992?
True
Is 2443 a factor of 332397?
False
Is 288 a factor of 13747577?
False
Does 87 divide 6226541?
False
Does 83 divide 127487255?
False
Does 120 divide 88699920?
True
Is 7789076 a multiple of 1042?
False
Does 58 divide 65843792?
False
Does 693 divide 45205730?
False
Is 102611682 a multiple of 18?
True
Does 3 divide 24380131?
False
Is 5 a factor of 452618771?
False
Is 87 a factor of 2799138?
True
Does 6 divide 10621216?
False
Is 3444 a factor of 1563300436?
False
Does 13 divide 304849696?
False
Is 5 a factor of 279412168?
False
Does 621 divide 382360758?
False
Is 9 a factor of 529569?
True
Does 193 divide 311628029?
True
Does 592 divide 1872375232?
True
Is 727942069 a multiple of 60?
False
Is 132300516 a multiple of 37?
False
Does 52 divide 1021918716?
True
Does 60 divide 4159713?
False
Is 1437 a factor of 590720523?
True
Is 8 a factor of 56452365?
False
Is 2920 a factor of 260437460?
False
Is 572582300 a multiple of 5124?
False
Does 230 divide 4062950?
True
Is 241 a factor of 196902486?
False
Is 103628762 a multiple of 112?
False
Is 10918947 a multiple of 30?
False
Is 7 a factor of 3377864592?
False
Is 101 a factor of 14789881?
False
Is 6 a factor of 38842474?
False
Is 859482304 a multiple of 2647?
False
Is 22106528 a multiple of 32?
True
Is 149166720 a multiple of 912?
True
Is 6 a factor of 56071048?
False
Does 31 divide 16467851?
True
Is 2 a factor of 410093100?
True
Is 34321586 a multiple of 26?
True
Is 765 a factor of 63325942?
False
Is 6167499 a multiple of 39?
True
Is 25 a factor of 165317964?
False
Is 4044142178 a multiple of 3771?
False
Is 10 a factor of 388637140?
True
Does 21 divide 165264632?
False
Does 137 divide 179283951?
False
Does 24 divide 13519161?
False
Is 9362763 a multiple of 171?
True
Is 12 a factor of 41076801?
False
Does 60 divide 121963560?
True
Is 836756620 a multiple of 343?
False
Is 359313201 a multiple of 9?
True
Is 18 a factor of 51717555?
False
Is 993 a factor of 22859853?
True
Is 2304 a factor of 3802254336?
True
Does 31 divide 217412423?
False
Does 46 divide 1651574594?
False
Is 701114002 a multiple of 192?
False
Is 42684212 a multiple of 68?
True
Does 10 divide 1445453250?
True
Does 124 divide 574320136?
True
Is 238 a factor of 213933440?
True
Is 171623354 a multiple of 32?
False
Is 55967465 a multiple of 4?
False
Is 10972 a factor of 7313452432?
True
Is 1236 a factor of 231943998?
False
Is 59 a factor of 986142992?
True
Is 516316473 a multiple of 71?
True
Does 35 divide 81977770?
True
Is 14 a factor of 614659?
False
Is 183 a factor of 170241057?
True
Is 316858016 a multiple of 886?
False
Is 47 a factor of 8622150?
True
Is 1274 a factor of 29301988?
False
Is 190 a factor of 65340050?
True
Is 219 a factor of 127629729?
False
Does 11 divide 96572735?
False
Does 2592 divide 522684576?
True
Is 140559504 a multiple of 166?
True
Is 1446 a factor of 2721846642?
False
Does 2611 divide 69437207?
False
Is 83 a factor of 1683602544?
True
Does 393 divide 73642124?
False
Is 41431852 a multiple of 11?
True
Does 3 divide 24629765?
False
Is 2 a factor of 1215628?
True
Is 1037121471 a multiple of 579?
False
Is 9 a factor of 24727932?
True
Does 4516 divide 1101672269?
False
Is 491815 a multiple of 155?
True
Does 482 divide 4227720009?
False
Is 621 a factor of 321229638?
True
Is 1514777 a multiple of 13?
False
Does 559 divide 868668366?
False
Does 59 divide 147881391?
False
Is 296221496 a multiple of 164?
False
Does 128 divide 19698816?
True
Is 697 a factor of 17001921?
True
Is 647 a factor of 209648057?
True
Is 3163771252 a multiple of 2614?
True
Does 107 divide 10660410?
True
Is 145 a factor of 179415530?
False
Does 52 divide 1941030520?
True
Is 49291824 a multiple of 48?
True
Does 332 divide 95260738?
False
Does 107 divide 13852434?
True
Does 31 divide 217141546?
True
Does 1692 divide 366928812?
True
Is 38575074 a multiple of 1486?
True
Does 45 divide 200235915?
True
Is 224969605 a multiple of 131?
False
Is 9 a factor of 1515422013?
False
Does 37 divide 2789628?
False
Does 171 divide 1739070?
True
Is 352 a factor of 37429758?
False
Is 399 a factor of 2505681?
False
Does 2519 divide 52185942?
False
Is 169 a factor of 8635125?
False
Is 161 a factor of 54389503?
True
Does 1245 divide 3665165178?
False
Is 1381 a factor of 26712683?
True
Does 3 divide 67995693?
True
Does 14 divide 99264186?
True
Does 217 divide 5681805?
False
Is 304 a factor of 116789481?
False
Is 166452661 a multiple of 295?
False
Is 32609241 a multiple of 1239?
True
Does 732 divide 656391720?
True
Does 12 divide 217854018?
False
Does 549 divide 5083450?
False
Is 2963 a factor of 43548734?
False
Is 237388938 a multiple of 2806?
False
Is 348 a factor of 2926259738?
False
Is 10636 a factor of 451328024?
True
Is 3 a factor of 8069516?
False
Is 59750346 a multiple of 38?
False
Is 2 a factor of 17193583?
False
Is 7485780 a multiple of 537?
True
Is 98 a factor of 64058941?
False
Does 52 divide 293411196?
True
Is 634661164 a multiple of 4?
True
Does 886 divide 1002538238?
True
Is 1087 a factor of 472121058?
True
Does 3518 divide 109606970?
False
Does 46 divide 4260395298?
False
Does 27 divide 19664721?
True
Is 485082840 a multiple of 8?
True
Is 26474627 a multiple of 43?
True
Is 67061206 a multiple of 539?
False
Is 128 a factor of 735904128?
True
Does 14 divide 229947956?
True
Does 61 divide 41583636?
False
Is 220028256 a multiple of 336?
True
Does 7 divide 12118340?
False
Does 45 divide 97048694?
False
Does 687 divide 4946400?
True
Does 142 divide 227469232?
True
Is 4674567888 a multiple of 9?
True
Does 5 divide 1970730?
True
Is 36 a factor of 8343408861?
False
Does 1430 divide 116681937?
False
Is 32 a factor of 14950734?
False
Does 153 divide 58261482?
True
Is 2059556974 a multiple of 74?
True
Does 557 divide 7145196?
True
Is 4929388908 a multiple of 3537?
False
Is 202 a factor of 71682730?
True
Is 404 a factor of 902942424?
True
Does 2530 divide 81976861?
False
Is 55 a factor of 465232790?
True
Is 13 a factor of 1488519357?
True
Is 3237 a factor of 3527944726?
False
Does 10 divide 5901475325?
False
Is 11 a factor of 302527250?
False
